{"id":1776,"date":"2019-09-02T12:23:50","date_gmt":"2019-09-02T11:23:50","guid":{"rendered":"http:\/\/vps31252.alfahosting-vps.de\/wordpress\/?page_id=1776"},"modified":"2020-05-25T08:49:55","modified_gmt":"2020-05-25T07:49:55","slug":"app_acute_overview_generalinformation_support_%e2%89%a56_de","status":"publish","type":"page","link":"https:\/\/kidtrauma.org\/?page_id=1776","title":{"rendered":"Informationen und Tipps"},"content":{"rendered":"\n<p>Ihr Kind hat schwere oder langanhaltende bzw. wiederholte Traumatisierungen erlebt, die <strong>mehr als 1 Monat zur\u00fcckliegen<\/strong>.<\/p>\n<p>Wichtig zu wissen ist, dass es gute Behandlungsm\u00f6glichkeit gibt, um mit einem schlimmen Ereignis und daraus resultierenden Auff\u00e4lligkeiten klarzukommen. Erkundigen Sie sich als Eltern nach Therapieangeboten. Via der KidTrauma-Webseite und -App (<strong>Therapiestellen<\/strong>) k\u00f6nnen Sie nach Expert*innen im Bereich der Kinder- und Jugendpsychotraumatolgie suchen. Beziehen Sie Ihr Kind mit ein.<\/p>\n<h4>Informationen und Tipps<\/h4>\n<p>Jedes Kind\/ jede*r Jugendliche reagiert unterschiedlich auf traumatische Ereignisse. Die Reaktionen, welche Kinder und Jugendliche nach schwerwiegenden einmaligen oder wiederholt erlebten traumatischen Ereignissen zeigen k\u00f6nnen, werden in folgende Bereiche eingeteilt: belastende Erinnerungen\/Albtr\u00e4ume, Angst, Nervosit\u00e4t\/Hyperaktivit\u00e4t, Denken\/Stimmung, Depression\/Selbstwert, k\u00f6rperliche Probleme, St\u00f6rungen des Bewusstseins, aggressives\/aufs\u00e4ssiges Verhalten und komplexe Probleme.<\/p>\n<p>Durch Anw\u00e4hlen der einzelnen Bereiche erfahren Sie mehr \u00fcber die entsprechenden Verhaltensauff\u00e4lligkeiten und Probleme und \u00fcber M\u00f6glichkeiten, wie Sie Ihr Kind unterst\u00fctzen k\u00f6nnen, mit diesen umzugehen.<\/p>\n","protected":false},"excerpt":{"rendered":"<p>Ihr Kind hat schwere oder langanhaltende bzw. wiederholte Traumatisierungen erlebt, die mehr als 1 Monat zur\u00fcckliegen. Wichtig zu wissen ist, dass es gute Behandlungsm\u00f6glichkeit gibt, um mit einem schlimmen Ereignis und daraus resultierenden Auff\u00e4lligkeiten klarzukommen. Erkundigen Sie sich als Eltern nach Therapieangeboten. Via der KidTrauma-Webseite und -App (Therapiestellen) k\u00f6nnen Sie nach Expert*innen im Bereich der [&hellip;]<\/p>\n","protected":false},"author":3,"featured_media":3627,"parent":0,"menu_order":0,"comment_status":"closed","ping_status":"closed","template":"","meta":{"ub_ctt_via":"","_mi_skip_tracking":false,"_monsterinsights_sitenote_active":false,"_monsterinsights_sitenote_note":"","_monsterinsights_sitenote_category":0,"footnotes":""},"featured_image_src":"https:\/\/kidtrauma.org\/wp-content\/uploads\/info-app.jpg","_links":{"self":[{"href":"https:\/\/kidtrauma.org\/index.php?rest_route=\/wp\/v2\/pages\/1776"}],"collection":[{"href":"https:\/\/kidtrauma.org\/index.php?rest_route=\/wp\/v2\/pages"}],"about":[{"href":"https:\/\/kidtrauma.org\/index.php?rest_route=\/wp\/v2\/types\/page"}],"author":[{"embeddable":true,"href":"https:\/\/kidtrauma.org\/index.php?rest_route=\/wp\/v2\/users\/3"}],"replies":[{"embeddable":true,"href":"https:\/\/kidtrauma.org\/index.php?rest_route=%2Fwp%2Fv2%2Fcomments&post=1776"}],"version-history":[{"count":15,"href":"https:\/\/kidtrauma.org\/index.php?rest_route=\/wp\/v2\/pages\/1776\/revisions"}],"predecessor-version":[{"id":5399,"href":"https:\/\/kidtrauma.org\/index.php?rest_route=\/wp\/v2\/pages\/1776\/revisions\/5399"}],"wp:featuredmedia":[{"embeddable":true,"href":"https:\/\/kidtrauma.org\/index.php?rest_route=\/wp\/v2\/media\/3627"}],"wp:attachment":[{"href":"https:\/\/kidtrauma.org\/index.php?rest_route=%2Fwp%2Fv2%2Fmedia&parent=1776"}],"curies":[{"name":"wp","href":"https:\/\/api.w.org\/{rel}","templated":true}]}}