{"id":2052,"date":"2019-11-14T13:51:17","date_gmt":"2019-11-14T12:51:17","guid":{"rendered":"http:\/\/vps31252.alfahosting-vps.de\/wordpress\/?page_id=2052"},"modified":"2020-06-12T13:45:47","modified_gmt":"2020-06-12T12:45:47","slug":"web_acute_parents_6_de","status":"publish","type":"page","link":"https:\/\/kidtrauma.org\/?page_id=2052","title":{"rendered":"Chronisch - Kinder \u00e4lter als 6 Jahre"},"content":{"rendered":"\n<h3>Trauma-Check<\/h3>\n<p>Kinder und Jugendliche, die in der Vergangenheit (<strong>l\u00e4nger als 1 Monat zur\u00fcckliegend<\/strong>) besonders schwere oder wiederholte bzw. langanhaltende Traumatisierungen erlebt haben, k\u00f6nnen auch noch lange Zeit danach psychische Probleme und Verhaltensauff\u00e4lligkeiten aufweisen. \u00dcber die Zeit k\u00f6nnen solche Erfahrungen die Entwicklung eines Kindes\/ eines*r Jugendlichen beeintr\u00e4chtigen. Beispielsweise kann es zu einem Verlust von Vertrauen in andere Personen und in sich selbst kommen. Kinder und Jugendliche f\u00fchlen sich nicht mehr sicher und geborgen, sie k\u00f6nnen \u00c4ngste und Verhaltensauff\u00e4lligkeiten (z.B. sozialer <span style=\"background-color: #ffffff;\">R\u00fcckzug,<\/span> aggressives Verhalten) entwickeln.<\/p>\n<p><span style=\"color: #ba2f5d;\">Wenn Sie sich als Eltern Sorgen machen und nicht wissen, ob fachlicher Rat empfehlenswert ist, lassen Sie Ihr Kind folgenden <strong>Trauma-Check<\/strong> ausf\u00fcllen. <\/span><span style=\"color: #ba2f5d; background-color: #ffffff;\">Studien belegen, dass Eltern dazu neigen die Belastung ihrer Kinder im Vergleich zu deren eigenen Angaben zu untersch\u00e4tzen. Dies betrifft insbesondere gedankliche (z.B. ob und wie h\u00e4ufige ungewollte Bilder von dem Erlebten auftauchen) und emotionale Probleme (z.B. Auspr\u00e4gung von Gef\u00fchlen wie Schuld und Scham).<\/span><\/p>\n<p>Besprechen Sie anschlie\u00dfend die Ergebnisse zusammen. Falls Ihr Kind psychische Probleme oder Verhaltensauff\u00e4lligkeiten zeigt, erhalten Sie und Ihr Kind zus\u00e4tzlich spezifische Tipps, was Sie gegen diese unternehmen k\u00f6nnen.<\/p>\n\n\n<div class=\"ub-button\"  id=\"ub-button-eb1f3807-7704-4332-9aa3-e065057664c6\"><div class=\"ub-button-container align-button-\" id=\"ub-button-eb1f3807-7704-4332-9aa3-e065057664c6\">\n    <a href=\"https:\/\/survey.kidtrauma.org\/index.php?r=survey\/index&#038;sid=18465&#038;lang=de\" target=\"_blank\"\n    rel=\"noopener noreferrer\"\n    class=\"ub-button-block-main ub-button-large ub-button-flex-large\">\n    <div class=\"ub-button-content-holder\"><span class=\"ub-button-icon-holder\"><svg xmlns=\"http:\/\/www.w3.org\/2000\/svg\"\n        height=\"35\", width=\"35\"\n        viewBox=\"0, 0, 384, 512\"><path fill=\"currentColor\" d=\"M192 0c-41.8 0-77.4 26.7-90.5 64H64C28.7 64 0 92.7 0 128V448c0 35.3 28.7 64 64 64H320c35.3 0 64-28.7 64-64V128c0-35.3-28.7-64-64-64H282.5C269.4 26.7 233.8 0 192 0zm0 64a32 32 0 1 1 0 64 32 32 0 1 1 0-64zM305 273L177 401c-9.4 9.4-24.6 9.4-33.9 0L79 337c-9.4-9.4-9.4-24.6 0-33.9s24.6-9.4 33.9 0l47 47L271 239c9.4-9.4 24.6-9.4 33.9 0s9.4 24.6 0 33.9z\"><\/svg><\/span><span class=\"ub-button-block-btn\">Trauma-Check<\/span>\n    <\/div><\/a><\/div><\/div>\n\n\n<h2>&nbsp;<\/h2>\n<h3>Informationen und Tipps<\/h3>\n<p>Jedes Kind\/ jede*r Jugendliche reagiert unterschiedlich auf traumatische Ereignisse. Die psychischen Probleme und Verhaltensauff\u00e4lligkeiten, welche Kinder und Jugendliche nach traumatischen Ereignissen zeigen k\u00f6nnen, werden in folgende neun Bereiche eingeteilt: Belastende Erinnerungen\/Albtr\u00e4ume, Angst, Nervosit\u00e4t\/Hyperaktivit\u00e4t, Denken\/Stimmung, St\u00f6rungen des Bewusstseins, Depression\/Selbstwert, k\u00f6rperliche Probleme, aggressives Verhalten, und komplexe Probleme.<\/p>\n<p>Durch Anw\u00e4hlen der einzelnen Bereiche erfahren Sie mehr \u00fcber die entsprechenden psychischen Probleme sowie Verhaltensauff\u00e4lligkeiten und \u00fcber M\u00f6glichkeiten, wie Sie Ihr Kind unterst\u00fctzen k\u00f6nnen.<\/p>\n\n\n\n<div class=\"wp-block-columns has-2-columns is-layout-flex wp-container-core-columns-layout-1 wp-block-columns-is-layout-flex\">\n<div class=\"wp-block-column is-layout-flow wp-block-column-is-layout-flow\"><div class=\"ub-button\"  id=\"ub-button-59117e82-e678-4fed-9372-8445fe23b941\"><div class=\"ub-button-container align-button-\" id=\"ub-button-59117e82-e678-4fed-9372-8445fe23b941\">\n    <a href=\"http:\/\/kidtrauma.org\/?page_id=272\" target=\"_self\"\n    rel=\"noopener noreferrer\"\n    class=\"ub-button-block-main ub-button-large ub-button-flex-large\">\n    <div class=\"ub-button-content-holder\"><span class=\"ub-button-icon-holder\"><svg xmlns=\"http:\/\/www.w3.org\/2000\/svg\"\n        height=\"35\", width=\"35\"\n        viewBox=\"0, 0, 512, 512\"><path fill=\"currentColor\" d=\"M256 512A256 256 0 1 0 256 0a256 256 0 1 0 0 512zM216 336h24V272H216c-13.3 0-24-10.7-24-24s10.7-24 24-24h48c13.3 0 24 10.7 24 24v88h8c13.3 0 24 10.7 24 24s-10.7 24-24 24H216c-13.3 0-24-10.7-24-24s10.7-24 24-24zm40-208a32 32 0 1 1 0 64 32 32 0 1 1 0-64z\"><\/svg><\/span><span class=\"ub-button-block-btn\">Belastende Erinnerungen\/Albtr\u00e4ume<\/span>\n    <\/div><\/a><\/div><\/div>\n\n<div class=\"ub-button\"  id=\"ub-button-33543a35-3f98-4df2-ad4e-9f37b61cc4d5\"><div class=\"ub-button-container align-button-\" id=\"ub-button-33543a35-3f98-4df2-ad4e-9f37b61cc4d5\">\n    <a href=\"http:\/\/kidtrauma.org\/?page_id=276\" target=\"_self\"\n    rel=\"noopener noreferrer\"\n    class=\"ub-button-block-main ub-button-large ub-button-flex-large\">\n    <div class=\"ub-button-content-holder\"><span class=\"ub-button-icon-holder\"><svg xmlns=\"http:\/\/www.w3.org\/2000\/svg\"\n        height=\"35\", width=\"35\"\n        viewBox=\"0, 0, 512, 512\"><path fill=\"currentColor\" d=\"M256 512A256 256 0 1 0 256 0a256 256 0 1 0 0 512zM216 336h24V272H216c-13.3 0-24-10.7-24-24s10.7-24 24-24h48c13.3 0 24 10.7 24 24v88h8c13.3 0 24 10.7 24 24s-10.7 24-24 24H216c-13.3 0-24-10.7-24-24s10.7-24 24-24zm40-208a32 32 0 1 1 0 64 32 32 0 1 1 0-64z\"><\/svg><\/span><span class=\"ub-button-block-btn\">Angst<\/span>\n    <\/div><\/a><\/div><\/div>\n\n<div class=\"ub-button\"  id=\"ub-button-dbf8da4c-f4b7-4dab-84d3-7684495032b2\"><div class=\"ub-button-container align-button-\" id=\"ub-button-dbf8da4c-f4b7-4dab-84d3-7684495032b2\">\n    <a href=\"http:\/\/kidtrauma.org\/?page_id=280\" target=\"_self\"\n    rel=\"noopener noreferrer\"\n    class=\"ub-button-block-main ub-button-large ub-button-flex-large\">\n    <div class=\"ub-button-content-holder\"><span class=\"ub-button-icon-holder\"><svg xmlns=\"http:\/\/www.w3.org\/2000\/svg\"\n        height=\"35\", width=\"35\"\n        viewBox=\"0, 0, 512, 512\"><path fill=\"currentColor\" d=\"M256 512A256 256 0 1 0 256 0a256 256 0 1 0 0 512zM216 336h24V272H216c-13.3 0-24-10.7-24-24s10.7-24 24-24h48c13.3 0 24 10.7 24 24v88h8c13.3 0 24 10.7 24 24s-10.7 24-24 24H216c-13.3 0-24-10.7-24-24s10.7-24 24-24zm40-208a32 32 0 1 1 0 64 32 32 0 1 1 0-64z\"><\/svg><\/span><span class=\"ub-button-block-btn\">Nervosit\u00e4t\/Hyperaktivit\u00e4t<\/span>\n    <\/div><\/a><\/div><\/div>\n\n<div class=\"ub-button\"  id=\"ub-button-d029ff7b-14d0-4191-bfbf-d67ce9c11150\"><div class=\"ub-button-container align-button-\" id=\"ub-button-d029ff7b-14d0-4191-bfbf-d67ce9c11150\">\n    <a href=\"http:\/\/kidtrauma.org\/?page_id=284\" target=\"_self\"\n    rel=\"noopener noreferrer\"\n    class=\"ub-button-block-main ub-button-large ub-button-flex-large\">\n    <div class=\"ub-button-content-holder\"><span class=\"ub-button-icon-holder\"><svg xmlns=\"http:\/\/www.w3.org\/2000\/svg\"\n        height=\"35\", width=\"35\"\n        viewBox=\"0, 0, 512, 512\"><path fill=\"currentColor\" d=\"M256 512A256 256 0 1 0 256 0a256 256 0 1 0 0 512zM216 336h24V272H216c-13.3 0-24-10.7-24-24s10.7-24 24-24h48c13.3 0 24 10.7 24 24v88h8c13.3 0 24 10.7 24 24s-10.7 24-24 24H216c-13.3 0-24-10.7-24-24s10.7-24 24-24zm40-208a32 32 0 1 1 0 64 32 32 0 1 1 0-64z\"><\/svg><\/span><span class=\"ub-button-block-btn\">Denken\/Stimmung<\/span>\n    <\/div><\/a><\/div><\/div>\n\n<div class=\"ub-button\"  id=\"ub-button-4e94c2ac-63b0-4df7-b377-8c4c6adf72af\"><div class=\"ub-button-container align-button-\" id=\"ub-button-4e94c2ac-63b0-4df7-b377-8c4c6adf72af\">\n    <a href=\"http:\/\/kidtrauma.org\/?page_id=305\" target=\"_self\"\n    rel=\"noopener noreferrer\"\n    class=\"ub-button-block-main ub-button-large ub-button-flex-large\">\n    <div class=\"ub-button-content-holder\"><span class=\"ub-button-icon-holder\"><svg xmlns=\"http:\/\/www.w3.org\/2000\/svg\"\n        height=\"35\", width=\"35\"\n        viewBox=\"0, 0, 512, 512\"><path fill=\"currentColor\" d=\"M256 512A256 256 0 1 0 256 0a256 256 0 1 0 0 512zM216 336h24V272H216c-13.3 0-24-10.7-24-24s10.7-24 24-24h48c13.3 0 24 10.7 24 24v88h8c13.3 0 24 10.7 24 24s-10.7 24-24 24H216c-13.3 0-24-10.7-24-24s10.7-24 24-24zm40-208a32 32 0 1 1 0 64 32 32 0 1 1 0-64z\"><\/svg><\/span><span class=\"ub-button-block-btn\">St\u00f6rungen des Bewusstseins <\/span>\n    <\/div><\/a><\/div><\/div><\/div>\n\n\n\n<div class=\"wp-block-column is-layout-flow wp-block-column-is-layout-flow\"><div class=\"ub-button\"  id=\"ub-button-fbb7ee60-a3d0-448c-bb34-ffe7318cf4da\"><div class=\"ub-button-container align-button-\" id=\"ub-button-fbb7ee60-a3d0-448c-bb34-ffe7318cf4da\">\n    <a href=\"http:\/\/kidtrauma.org\/?page_id=296\" target=\"_self\"\n    rel=\"noopener noreferrer\"\n    class=\"ub-button-block-main ub-button-large ub-button-flex-large\">\n    <div class=\"ub-button-content-holder\"><span class=\"ub-button-icon-holder\"><svg xmlns=\"http:\/\/www.w3.org\/2000\/svg\"\n        height=\"35\", width=\"35\"\n        viewBox=\"0, 0, 512, 512\"><path fill=\"currentColor\" d=\"M256 512A256 256 0 1 0 256 0a256 256 0 1 0 0 512zM216 336h24V272H216c-13.3 0-24-10.7-24-24s10.7-24 24-24h48c13.3 0 24 10.7 24 24v88h8c13.3 0 24 10.7 24 24s-10.7 24-24 24H216c-13.3 0-24-10.7-24-24s10.7-24 24-24zm40-208a32 32 0 1 1 0 64 32 32 0 1 1 0-64z\"><\/svg><\/span><span class=\"ub-button-block-btn\">Depression\/Selbstwert<\/span>\n    <\/div><\/a><\/div><\/div>\n\n<div class=\"ub-button\"  id=\"ub-button-fefc6378-7a91-46b2-a63e-cd9ccbfb7304\"><div class=\"ub-button-container align-button-\" id=\"ub-button-fefc6378-7a91-46b2-a63e-cd9ccbfb7304\">\n    <a href=\"http:\/\/kidtrauma.org\/?page_id=300\" target=\"_self\"\n    rel=\"noopener noreferrer\"\n    class=\"ub-button-block-main ub-button-large ub-button-flex-large\">\n    <div class=\"ub-button-content-holder\"><span class=\"ub-button-icon-holder\"><svg xmlns=\"http:\/\/www.w3.org\/2000\/svg\"\n        height=\"35\", width=\"35\"\n        viewBox=\"0, 0, 512, 512\"><path fill=\"currentColor\" d=\"M256 512A256 256 0 1 0 256 0a256 256 0 1 0 0 512zM216 336h24V272H216c-13.3 0-24-10.7-24-24s10.7-24 24-24h48c13.3 0 24 10.7 24 24v88h8c13.3 0 24 10.7 24 24s-10.7 24-24 24H216c-13.3 0-24-10.7-24-24s10.7-24 24-24zm40-208a32 32 0 1 1 0 64 32 32 0 1 1 0-64z\"><\/svg><\/span><span class=\"ub-button-block-btn\"> K\u00f6rperliche Probleme <\/span>\n    <\/div><\/a><\/div><\/div>\n\n<div class=\"ub-button\"  id=\"ub-button-3323aa68-1444-46f6-a0c6-74b904291ead\"><div class=\"ub-button-container align-button-\" id=\"ub-button-3323aa68-1444-46f6-a0c6-74b904291ead\">\n    <a href=\"http:\/\/kidtrauma.org\/?page_id=309\" target=\"_self\"\n    rel=\"noopener noreferrer\"\n    class=\"ub-button-block-main ub-button-large ub-button-flex-large\">\n    <div class=\"ub-button-content-holder\"><span class=\"ub-button-icon-holder\"><svg xmlns=\"http:\/\/www.w3.org\/2000\/svg\"\n        height=\"35\", width=\"35\"\n        viewBox=\"0, 0, 512, 512\"><path fill=\"currentColor\" d=\"M256 512A256 256 0 1 0 256 0a256 256 0 1 0 0 512zM216 336h24V272H216c-13.3 0-24-10.7-24-24s10.7-24 24-24h48c13.3 0 24 10.7 24 24v88h8c13.3 0 24 10.7 24 24s-10.7 24-24 24H216c-13.3 0-24-10.7-24-24s10.7-24 24-24zm40-208a32 32 0 1 1 0 64 32 32 0 1 1 0-64z\"><\/svg><\/span><span class=\"ub-button-block-btn\"> Aggressives\/aufs\u00e4ssiges Verhalten <\/span>\n    <\/div><\/a><\/div><\/div>\n\n<div class=\"ub-button\"  id=\"ub-button-d1eaab9b-dfae-4416-8a69-98c5d2cc1e3e\"><div class=\"ub-button-container align-button-\" id=\"ub-button-d1eaab9b-dfae-4416-8a69-98c5d2cc1e3e\">\n    <a href=\"http:\/\/kidtrauma.org\/?page_id=289\" target=\"_self\"\n    rel=\"noopener noreferrer\"\n    class=\"ub-button-block-main ub-button-large ub-button-flex-large\">\n    <div class=\"ub-button-content-holder\"><span class=\"ub-button-icon-holder\"><svg xmlns=\"http:\/\/www.w3.org\/2000\/svg\"\n        height=\"35\", width=\"35\"\n        viewBox=\"0, 0, 512, 512\"><path fill=\"currentColor\" d=\"M256 512A256 256 0 1 0 256 0a256 256 0 1 0 0 512zM216 336h24V272H216c-13.3 0-24-10.7-24-24s10.7-24 24-24h48c13.3 0 24 10.7 24 24v88h8c13.3 0 24 10.7 24 24s-10.7 24-24 24H216c-13.3 0-24-10.7-24-24s10.7-24 24-24zm40-208a32 32 0 1 1 0 64 32 32 0 1 1 0-64z\"><\/svg><\/span><span class=\"ub-button-block-btn\">Komplexe Probleme<\/span>\n    <\/div><\/a><\/div><\/div><\/div>\n<\/div>\n\n\n\n<h3>&nbsp;<\/h3>\n<h3>Therapiestellen<\/h3>\n<p>Falls Sie sich als Eltern gro\u00dfe Sorgen machen oder Ihnen im Anschluss an den <strong>Trauma-Check<\/strong> fachlicher Rat empfohlen wird, k\u00f6nnen Sie mit Hilfe der Funktion <strong>Therapiestellen<\/strong> direkt nach Experten*innen im Bereich der Kinder- und Jugendpsychotraumatologie in Ihrer N\u00e4he suchen.<\/p>\n\n\n<div class=\"ub-button\"  id=\"ub-button-a0c0d38f-e1d1-4ca3-a692-e04dc50d8c58\"><div class=\"ub-button-container align-button-\" id=\"ub-button-a0c0d38f-e1d1-4ca3-a692-e04dc50d8c58\">\n    <a href=\"https:\/\/kidtrauma.org\/?page_id=74\" target=\"_blank\"\n    rel=\"noopener noreferrer\"\n    class=\"ub-button-block-main ub-button-large ub-button-flex-large\">\n    <div class=\"ub-button-content-holder\"><span class=\"ub-button-icon-holder\"><svg xmlns=\"http:\/\/www.w3.org\/2000\/svg\"\n        height=\"35\", width=\"35\"\n        viewBox=\"0, 0, 640, 512\"><path fill=\"currentColor\" d=\"M480 416h96c35.3 0 64-28.7 64-64V160c0-35.3-28.7-64-64-64H480V416zM448 96H192V416H448V96zM64 96C28.7 96 0 124.7 0 160V352c0 35.3 28.7 64 64 64h96V96H64zM248 208a24 24 0 1 1 48 0 24 24 0 1 1 -48 0zm120-24a24 24 0 1 1 0 48 24 24 0 1 1 0-48zM248 304a24 24 0 1 1 48 0 24 24 0 1 1 -48 0zm120-24a24 24 0 1 1 0 48 24 24 0 1 1 0-48z\"><\/svg><\/span><span class=\"ub-button-block-btn\">Therapiestellen<\/span>\n    <\/div><\/a><\/div><\/div>\n\n\n<h2>&nbsp;<\/h2>\n<h3>Downloads\/Links<\/h3>\n<p>Hier k\u00f6nnen Sie Informations-Brosch\u00fcren herunterladen und finden Informationen zu weiterf\u00fchrenden Links.<\/p>\n\n\n<div class=\"ub-button\"  id=\"ub-button-3bf22eeb-6795-40dc-8d3f-62820ff779fe\"><div class=\"ub-button-container align-button-\" id=\"ub-button-3bf22eeb-6795-40dc-8d3f-62820ff779fe\">\n    <a href=\"http:\/\/kidtrauma.org\/?page_id=313\" target=\"_self\"\n    rel=\"noopener noreferrer\"\n    class=\"ub-button-block-main ub-button-large ub-button-flex-large\">\n    <div class=\"ub-button-content-holder\"><span class=\"ub-button-icon-holder\"><svg xmlns=\"http:\/\/www.w3.org\/2000\/svg\"\n        height=\"35\", width=\"35\"\n        viewBox=\"0, 0, 512, 512\"><path fill=\"currentColor\" d=\"M288 32c0-17.7-14.3-32-32-32s-32 14.3-32 32V274.7l-73.4-73.4c-12.5-12.5-32.8-12.5-45.3 0s-12.5 32.8 0 45.3l128 128c12.5 12.5 32.8 12.5 45.3 0l128-128c12.5-12.5 12.5-32.8 0-45.3s-32.8-12.5-45.3 0L288 274.7V32zM64 352c-35.3 0-64 28.7-64 64v32c0 35.3 28.7 64 64 64H448c35.3 0 64-28.7 64-64V416c0-35.3-28.7-64-64-64H346.5l-45.3 45.3c-25 25-65.5 25-90.5 0L165.5 352H64zm368 56a24 24 0 1 1 0 48 24 24 0 1 1 0-48z\"><\/svg><\/span><span class=\"ub-button-block-btn\">Download\/Links<\/span>\n    <\/div><\/a><\/div><\/div>","protected":false},"excerpt":{"rendered":"<p>Trauma-Check Kinder und Jugendliche, die in der Vergangenheit (l\u00e4nger als 1 Monat zur\u00fcckliegend) besonders schwere oder wiederholte bzw. langanhaltende Traumatisierungen erlebt haben, k\u00f6nnen auch noch lange Zeit danach psychische Probleme und Verhaltensauff\u00e4lligkeiten aufweisen. \u00dcber die Zeit k\u00f6nnen solche Erfahrungen die Entwicklung eines Kindes\/ eines*r Jugendlichen beeintr\u00e4chtigen. Beispielsweise kann es zu einem Verlust von Vertrauen in [&hellip;]<\/p>\n","protected":false},"author":3,"featured_media":0,"parent":0,"menu_order":0,"comment_status":"closed","ping_status":"closed","template":"","meta":{"ub_ctt_via":"","_mi_skip_tracking":false,"_monsterinsights_sitenote_active":false,"_monsterinsights_sitenote_note":"","_monsterinsights_sitenote_category":0,"footnotes":""},"featured_image_src":null,"_links":{"self":[{"href":"https:\/\/kidtrauma.org\/index.php?rest_route=\/wp\/v2\/pages\/2052"}],"collection":[{"href":"https:\/\/kidtrauma.org\/index.php?rest_route=\/wp\/v2\/pages"}],"about":[{"href":"https:\/\/kidtrauma.org\/index.php?rest_route=\/wp\/v2\/types\/page"}],"author":[{"embeddable":true,"href":"https:\/\/kidtrauma.org\/index.php?rest_route=\/wp\/v2\/users\/3"}],"replies":[{"embeddable":true,"href":"https:\/\/kidtrauma.org\/index.php?rest_route=%2Fwp%2Fv2%2Fcomments&post=2052"}],"version-history":[{"count":76,"href":"https:\/\/kidtrauma.org\/index.php?rest_route=\/wp\/v2\/pages\/2052\/revisions"}],"predecessor-version":[{"id":6200,"href":"https:\/\/kidtrauma.org\/index.php?rest_route=\/wp\/v2\/pages\/2052\/revisions\/6200"}],"wp:attachment":[{"href":"https:\/\/kidtrauma.org\/index.php?rest_route=%2Fwp%2Fv2%2Fmedia&parent=2052"}],"curies":[{"name":"wp","href":"https:\/\/api.w.org\/{rel}","templated":true}]}}