{"id":326,"date":"2019-04-24T09:51:24","date_gmt":"2019-04-24T08:51:24","guid":{"rendered":"http:\/\/vps31252.alfahosting-vps.de\/wordpress\/?page_id=326"},"modified":"2020-05-07T16:05:21","modified_gmt":"2020-05-07T15:05:21","slug":"professionalsoverviewliterature_de","status":"publish","type":"page","link":"https:\/\/kidtrauma.org\/?page_id=326","title":{"rendered":"Fachliteratur"},"content":{"rendered":"\n<p>Auf dieser Seite finden Sie eine Auswahl verschiedener Ver\u00f6ffentlichungen, die wir f\u00fcr Sie zusammengestellt haben. Die aufgef\u00fchrten Empfehlungen bieten hilfreiche Informationen f\u00fcr Kinder und Jugendliche mit Traumaerfahrung. Unsere Zusammenstellung erhebt keinen Anspruch auf Vollst\u00e4ndigkeit und soll in erster Linie eine Orientierung f\u00fcr Fachliteratur im Bereich Kinder- und Jugendpsychotraumatologie bieten. Diese Seite wird fortlaufend aktualisiert.<\/p>\n<h3>\u00a0<\/h3>\n\n\n\n<p><span class=\"eap-shortcode-selectable\"><style>#sp-ea-4699 .spcollapsing { height: 0; overflow: hidden; transition-property: height;transition-duration: 500ms;}#sp-ea-4699.sp-easy-accordion>.sp-ea-single {border: 1px solid #4497d9; }#sp-ea-4699.sp-easy-accordion>.sp-ea-single>.ea-header a {color: #ffffff;}#sp-ea-4699.sp-easy-accordion>.sp-ea-single>.sp-collapse>.ea-body {background: #fff; color: #444;}#sp-ea-4699.sp-easy-accordion>.sp-ea-single {background: #4497d9;}#sp-ea-4699.sp-easy-accordion>.sp-ea-single>.ea-header a .ea-expand-icon.fa { float: left; color: #ffffff;font-size: 16px;}<\/style><div id=\"sp_easy_accordion-1777037997\"><div id=\"sp-ea-4699\" class=\"sp-ea-one sp-easy-accordion\" data-ex-icon=\"fa-minus\" data-col-icon=\"fa-plus\"  data-ea-active=\"ea-click\"  data-ea-mode=\"vertical\" data-preloader=\"\" data-scroll-active-item=\"\" data-offset-to-scroll=\"0\"><div class=\"ea-card  sp-ea-single\"><h3 class=\"ea-header\"><a class=\"collapsed\" data-sptoggle=\"spcollapse\" data-sptarget=#collapse46990 href=\"javascript:void(0)\"  aria-expanded=\"false\"><i class=\"ea-expand-icon fa fa-plus\"><\/i> Allgemein<\/a><\/h3><div class=\"sp-collapse spcollapse spcollapse\" id=\"collapse46990\" data-parent=#sp-ea-4699><div class=\"ea-body\"><div class=\"qe-toggle-content\">\n<ul style=\"list-style-type: square;\">\n<li>Landolt, M. A. (2012). <em>Psychotraumatologie des Kindesalters: Grundlagen, Diagnostik und Interventionen<\/em>. G\u00f6ttingen: Hogrefe.<\/li>\n<li>Goldbeck, L., M\u00fcnzer, A., Rassenhofer, M., Fegert, J. M., &amp; Allroggen, M. (2016). <em>Ratgeber Sexueller Missbrauch: Informationen f\u00fcr Eltern, Lehrer und Erzieher<\/em>. G\u00f6ttingen: Hogrefe.<\/li>\n<li>Fegert, J.M., Ziegenhain, U. &amp; Goldbeck, L. (Hrsg.) (2010). <em>Traumatisierte Kinder und Jugendliche in Deutschland<\/em> (2. Aufl.). Weinheim: Beltz Juventa<\/li>\n<\/ul>\n<\/div>\n<\/div><\/div><\/div><div class=\"ea-card  sp-ea-single\"><h3 class=\"ea-header\"><a class=\"collapsed\" data-sptoggle=\"spcollapse\" data-sptarget=#collapse46991 href=\"javascript:void(0)\"  aria-expanded=\"false\"><i class=\"ea-expand-icon fa fa-plus\"><\/i> Interventionen<\/a><\/h3><div class=\"sp-collapse spcollapse spcollapse\" id=\"collapse46991\" data-parent=#sp-ea-4699><div class=\"ea-body\"><div class=\"qe-toggle-content\">\n<ul style=\"list-style-type: square;\">\n<li>Landolt, M.A. &amp; Hensel, T. (Eds.) (2012). <em>Traumatherapie bei Kindern und Jugendlichen<\/em> (2. Aufl). G\u00f6ttingen: Hogrefe.<\/li>\n<li>Kr\u00fcger, A. (2008). <em>Akute psychische Traumatisierung bei Kindern und Jugendlichen: Ein Manual zur ambulanten Versorgung<\/em> (Vol. 213). Stuttgart: Klett-Cotta.<\/li>\n<li>Cohen, J. A., Mannarino, A. P., &amp; Deblinger, E. (2009). <em>Traumafokussierte Kognitive Verhaltenstherapie bei Kindern und Jugendlichen<\/em>. Heidelberg: Springer.<\/li>\n<li>Korittko, A. (2016). <em>Posttraumatische Belastungsst\u00f6rung bei Kindern und Jugendlichen: St\u00f6rungen systemisch behandeln<\/em> (2. Aufl.). Heidelberg: Carl-Auer.<\/li>\n<\/ul>\n<\/div>\n<\/div><\/div><\/div><\/div><\/div><\/span><\/p>\n\n\n","protected":false},"excerpt":{"rendered":"<p>Auf dieser Seite finden Sie eine Auswahl verschiedener Ver\u00f6ffentlichungen, die wir f\u00fcr Sie zusammengestellt haben. Die aufgef\u00fchrten Empfehlungen bieten hilfreiche Informationen f\u00fcr Kinder und Jugendliche mit Traumaerfahrung. Unsere Zusammenstellung erhebt keinen Anspruch auf Vollst\u00e4ndigkeit und soll in erster Linie eine Orientierung f\u00fcr Fachliteratur im Bereich Kinder- und Jugendpsychotraumatologie bieten. Diese Seite wird fortlaufend aktualisiert. \u00a0<\/p>\n","protected":false},"author":3,"featured_media":3424,"parent":318,"menu_order":0,"comment_status":"closed","ping_status":"closed","template":"","meta":{"ub_ctt_via":"","_mi_skip_tracking":false,"_monsterinsights_sitenote_active":false,"_monsterinsights_sitenote_note":"","_monsterinsights_sitenote_category":0,"footnotes":""},"featured_image_src":"https:\/\/kidtrauma.org\/wp-content\/uploads\/fachpersonen.jpg","_links":{"self":[{"href":"https:\/\/kidtrauma.org\/index.php?rest_route=\/wp\/v2\/pages\/326"}],"collection":[{"href":"https:\/\/kidtrauma.org\/index.php?rest_route=\/wp\/v2\/pages"}],"about":[{"href":"https:\/\/kidtrauma.org\/index.php?rest_route=\/wp\/v2\/types\/page"}],"author":[{"embeddable":true,"href":"https:\/\/kidtrauma.org\/index.php?rest_route=\/wp\/v2\/users\/3"}],"replies":[{"embeddable":true,"href":"https:\/\/kidtrauma.org\/index.php?rest_route=%2Fwp%2Fv2%2Fcomments&post=326"}],"version-history":[{"count":8,"href":"https:\/\/kidtrauma.org\/index.php?rest_route=\/wp\/v2\/pages\/326\/revisions"}],"predecessor-version":[{"id":4702,"href":"https:\/\/kidtrauma.org\/index.php?rest_route=\/wp\/v2\/pages\/326\/revisions\/4702"}],"up":[{"embeddable":true,"href":"https:\/\/kidtrauma.org\/index.php?rest_route=\/wp\/v2\/pages\/318"}],"wp:featuredmedia":[{"embeddable":true,"href":"https:\/\/kidtrauma.org\/index.php?rest_route=\/wp\/v2\/media\/3424"}],"wp:attachment":[{"href":"https:\/\/kidtrauma.org\/index.php?rest_route=%2Fwp%2Fv2%2Fmedia&parent=326"}],"curies":[{"name":"wp","href":"https:\/\/api.w.org\/{rel}","templated":true}]}}